+ 0/n. Let j(s) = 22*s - 8*s - 7*s - 4 - 3*s**v + s**2. Give j(4).
-8
Let s(j) be the first derivative of -3*j**2/2 + j + 41528. Let i = -2 - -1. Calculate s(i).
4
Let z(q) = 4 + 6 - 4 - q**2 - 2. Let f(x) = -22*x + 30*x**2 - 5*x**2 - 14*x**2 - 45 - 10*x**2. Let l be f(24). Give z(l).
-5
Suppose 24*d - 2 = 26*d. Let a(o) = 15*o - 9*o**2 - 3*o**2 - 37*o + 22*o. Determine a(d).
-12
Let g(b) = 2*b + 29. Let a be g(-9). Let x(w) = 2*w + w**3 - 4*w**3 + 4*w**2 - 14*w**2 + a*w**2 + 1. Let r be (1 + 1)*(-6)/12. What is x(r)?
3
Let q(k) be the second derivative of -k**5/10 - 13*k**4/3 - k**3/6 - 17*k**2/2 - 3*k - 67. What is q(-26)?
9
Let w(b) = 4*b**3 + b**2 + 3*b - 1. Suppose 774*d - 777*d + 14 = -5*r, -2*r + 4*d = 28. Give w(r).
41
Let s be -7 - -2 - (-1)/1. Let u(r) = -140*r**3 - 2*r + 67*r**3 - 6*r**2 + 3 - 11 + 2 + 5 + 72*r**3. What is u(s)?
-25
Let c = -4 + -1. Let x(m) = 24 + 0*m**2 - 12 - 131*m + 136*m - 13 + m**2. Determine x(c).
-1
Let w(k) = -76*k + 6528. Let a be w(86). Let d(s) = -18*s - 135. Give d(a).
9
Let f(n) be the third derivative of n**5/12 - 59*n**4/24 + 7*n**3 + 4992*n**2. Give f(11).
-2
Let f = -1877 - -1870. Let l(h) = 2*h**2 + 15*h + 8. Calculate l(f).
1
Let j(z) be the first derivative of 3/2*z**2 + 78 + 9*z. What is j(-6)?
-9
Let d(s) = -3*s**3 + 33*s**2 + 138*s - 67. Let u(x) = 4*x**3 - 50*x**2 - 207*x + 97. Let p(y) = -7*d(y) - 5*u(y). Determine p(-14).
-2
Let u(h) = h**3 - 12*h**2 + 10*h - 23. Let z be 12/(1080/954) - (-2)/5. Give u(z).
-34
Let g(v) = v**3 + 14*v**2 - v - 12. Let t be ((-56)/(-20))/(5/(-25)). Let h be g(t). Let k(u) = 3*u - h*u**2 - 3*u**2 + u**3 + 187 - 183. Determine k(4).
0
Let q(r) = -r**3 + 20*r**2 + 20*r + 23. Suppose 231*y + 147 = 238*y. Determine q(y).
2
Let b(i) = 114*i**2 - i - 1. Let s = -10183 - -10184. What is b(s)?
112
Suppose -2*v - 233*y - 20 = -234*y, -2*v - 10 = 4*y. Let a(l) = -l**2 - 11*l - 4. Determine a(v).
14
Suppose -125*b + 118*b = -14. Let c(m) = -m**2 + m - 3. Let n(i) = i**2 + 7*i + 7. Let q(l) = b*c(l) + n(l). Let f be (-305)/(-30) + 2/(-12). Give q(f).
-9
Let x(k) = 5*k - 92. Suppose 0 = 4*w + 3*l - 53, -48*l - 141 = -8*w - 47*l. Calculate x(w).
-7
Suppose 3*x + 30 = -2*x. Let z(m) = -14*m**2 - 5 + 9 - 30*m**2 - 26*m**2 + 71*m**2. Give z(x).
40
Let c(b) = 171*b**3 - 6*b**2 - 8*b - 42*b**3 - 3 - 45*b**3 - 44*b**3 - 41*b**3. Suppose 0 = 26*t - 22*t + 20. Give c(t).
12
Let t(b) = 20991*b - 6*b**2 - b**3 - 20985*b - 5 + b**2. Determine t(-6).
-5
Let x(r) = -638*r + 300 + 75 - 71 + 654*r + 196. Let a be x(-31). Let k(p) = -2*p**2 + 4*p**2 - 5 + 2*p**2 + p - p**3. Calculate k(a).
-1
Let y(l) be the second derivative of l**4/12 - 3*l**2 - l. Suppose -95*w + 93*w - 5*d + 2759 = 0, -w + 5*d + 1402 = 0. Let c = w - 1384. Give y(c).
3
Let g(w) = 3 + 17958*w + 5 - 18003*w. Give g(0).
8
Let b(r) = -11*r**3 + 21*r**2 + 46*r - 1. Let w(g) = 9*g**3 - 19*g**2 - 40*g - 1. Let d(x) = 6*b(x) + 7*w(x). Give d(-3).
17
Let r be ((-205)/(-123) + 0 + -2)*30. Let u(g) = -g**2 - 9*g + 25. Calculate u(r).
15
Suppose 5*n - 5*b + 150 = 0, n - 1915 = -2*b - 1933. Let s(g) = -6*g - 155. Give s(n).
1
Let z(n) = n**3 - 5*n**2 - 5*n. Let d(g) = g + 7*g**2 - 5*g**2 - g**2. Let c(h) = -6*d(h) - z(h). Let w(m) = m**2 + 14*m. Let x be w(0). Give c(x).
0
Let b(n) = 3*n**2 - 13*n + 24. Let d be b(2). Let k(p) = 8*p - 80. Let g be k(d). Let j(s) = -s**3 + s + 12. What is j(g)?
12
Let j(c) = 3*c**3 - 2*c**2 + 2*c + 4. Let s = 15270 - 15273. Determine j(s).
-101
Let b be (-80)/(-36) + (-14)/63. Suppose b*f = -o + 7, -2*o = -5*o + 2*f + 29. Let k(l) = -l**3 + 10*l**2 - 10*l + 7. What is k(o)?
-2
Let f(m) = m**2 + 3*m - 3. Suppose -2*a + 4 = s, -124*a + 128*a = -s + 6. Calculate f(s).
7
Let y(z) = -z + 17. Let q(n) = -4*n + 18. Let m(f) = 3*q(f) - 4*y(f). Determine m(-5).
26
Let g(q) = 2*q + 1. Let s = -347 - -224. Let p = s + 124. Give g(p).
3
Let p(d) = -d**3 + 7*d**2 + 2*d. Let x(s) = -s**2 + s - 1. Let r(y) = -p(y) + 2*x(y). Suppose 2130*f - 2139*f = -81. What is r(f)?
-2
Let p(i) = -22*i**3 + 22*i**2 - 11*i - 10. Let m(x) = -4*x**3 + 2*x**2 - x. Let g(d) = 6*m(d) - p(d). Determine g(-5).
-15
Let w = -8254 - -8242. Let l(a) = -3*a - 44. What is l(w)?
-8
Suppose 0 = -y - 3*j + 18, -4*y = -8*y + 3*j + 57. Let w(q) = 27 + 12 - 45 + y - q. Give w(8).
1
Let l(v) be the third derivative of v**5/60 - v**4/24 - 3*v**3/2 - 12*v**2. Let b be l(4). Let h(s) = -s + b + s + 2 + s. Calculate h(-5).
0
Suppose -15 = -5*w - 0. Let v(p) = 2*p**2 + 8107*p - 16226*p + 8118*p - 4. What is v(w)?
11
Let v(o) = -3*o + 7. Suppose 0 = -s + 5 + 92. Let u = s - 92. What is v(u)?
-8
Let t be (-4 + 3)*(-22)/2. Let w(n) = 2*n + 17. Let p(s) = s + 9. Let f(c) = t*p(c) - 6*w(c). Let q = 40488 + -40483. What is f(q)?
-8
Suppose 19 = 3*m + 19. Let r(i) be the second derivative of i**4/12 - i**3/3 + i**2 - 313*i. What is r(m)?
2
Let u(x) = -5*x + 2. Let p be u(0). Let s be (0 + -1)/((-12)/108) - p. Let r(c) = 7*c**2 + 30*c**3 + 30*c**3 + 1 - c - 61*c**3. What is r(s)?
-6
Let b(a) be the first derivative of a**2/2 + 15*a - 1. Let f be -4*(0 + 12/6). Determine b(f).
7
Let r = 6838 + -6826. Let g(m) be the third derivative of 1/24*m**4 - r*m**2 + 5/6*m**3 + 0*m + 0. Give g(-4).
1
Let d = -336 + 357. Suppose -5*o + d - 71 = 0. Let l(q) = q**2 + 8*q + 6. Determine l(o).
26
Let j(k) be the third derivative of 7*k**4/24 - 23*k**3/2 - 213*k**2. Determine j(11).
8
Let f(y) = -y**2 - 4*y + 1. Let s(g) = -g**2 - 36*g - 82. Let r be s(-34). Let q(z) = -2*z**2 - 28*z - 6. Let b be q(r). Give f(b).
-11
Let x(y) = -y**3 + y**2 + y - 1. Let j = 35 + -30. Suppose 3*r + 18 = r + 3*g, -5*r - 45 = j*g. Let i(n) = -3*n - 25. Let h be i(r). Give x(h).
-3
Let o(p) be the third derivative of 7 - 1/60*p**5 - 13/24*p**4 + 0*p - p**2 + 11/6*p**3. Determine o(-13).
11
Let a(t) = 606*t + 3016. Let b be a(-5). Let o(v) = -2*v**2 - 31*v - 49. Give o(b).
-7
Let n = 4883 - 4905. Let p(j) = j**2 + 23*j + 20. What is p(n)?
-2
Suppose -z = 7 - 37. Let d(k) = 2*k - 7 + z - 8 - 11. Let u(p) = -6*p - 1. Let o be u(-1). Give d(o).
14
Let k be (9 + (3 - 2))/2. Let f(c) = 4*c + 2 - c**2 + 6*c**3 - 3*c**2 - k*c**3. Let d be 1*2*(-21)/((-84)/8). Determine f(d).
18
Let k(l) = -29 - 6*l**2 - l**3 - 67 + 9*l + 120 - 4*l. Give k(-6).
-6
Let d(o) = o - 2. Suppose -8*q + 17 = 17. Suppose -15*j = -q*j - 60. Calculate d(j).
2
Let o(h) = h**3 + 3*h**2 + 4*h + 2. Let l be o(-4). Let y be 400/l*(1/(-2) + -1). Let x(p) = y*p + p - 16*p. What is x(3)?
15
Let x(n) be the third derivative of -n**6/40 - n**4/24 - n**3/6 + 2811*n**2 - 5*n. Let a be 1/(-3) + (-6)/9. What is x(a)?
3
Let s = 16 + -16. Suppose 4*n - 3*f - 30 = s, -7*n + 4*f = -4*n - 26. Let t(a) = 10*a**2 + 11*a + 2 - 13*a**3 + 8*a**3 + n*a**3. What is t(-9)?
-16
Let q be 803/(-219) - (-28)/6. Let y(v) = -102*v + 1. Give y(q).
-101
Let i be 1 - (-2 + (-2 - -3)). Let j(o) be the first derivative of -2*o**3 + o - 8512. Give j(i).
-23
Let d(s) = -6 + 4*s**2 - 5*s**2 + 0*s + s. Let m(t) = 4*t**2 - 4102*t + 4101. Let n be m(1). Give d(n).
-12
Let v(w) = -19*w + 42. Let k(p) = 4*p - 12. Let h(m) = 5*k(m) + v(m). Let u be (-52)/(-6) - (-2)/(-3). What is h(u)?
-10
Let p be (2/((-10)/35) - 2) + 7. Let z(x) be the third derivative of -x**6/24 - x**5/20 - x**4/24 - x**3/6 + x**2. Calculate z(p).
29
Let a(o) be the first derivative of o**3/3 + 23*o**2/2 + 28*o - 2300. What is a(-22)?
6
Let v(k) be the first derivative of -168*k + 10 + 165*k + 19 + k**2. Give v(2).
1
Let d(x) = 13*x + 60. Suppose -108*l - 660 = 57*l. Calculate d(l).
8
Let f be (-399)/228 + (-62)/(-8). Let d(u) = u - 11. Calculate d(f).
-5
Let l(w) be the second derivative of -1/6*w**3 + w**2 + 2 - 53*w. What is l(5)?
-3
Let z(x) be the second derivative of 41*x**3/3 + 499*x**2/2 + 34*x + 16. Calculate z(-6).
7
Suppose 7*w - 9*w = -24. Let g(z) = 4*z - 5*z - 7*z + w*z - 12. Give g(5).
8
Let l(k) = 13*k + 14. Let p(q) = -3*q - 3. Let t be (-1 - 1)/(0 + (-6)/27). Let x(v) = t*p(v) + 2*l(v). Calculate x(-10).
11
Let r(f) = f**3 + 3*f**2 - 4*f - 4. Let x = -19 + 13. Let k = x + -5. Let u = k - -7. Calculate r(u).
-4
Let p(k) = -387 - 2364*k**2 + 400 + 1170*k**2 + 1185*k**2 + 9*k. Determine p(-3).
-95
Let t be 4/(-14) - ((-99)/231)/(6/4). Let v(n) = -3*n**2 + 2*n**2 + 4 + 0 + n. Calculate v(t).